be the third derivative of -r**7/504 - r**6/360 + r**5/120 - 7*r**4/4 - 35*r**2. Let h(o) be the second derivative of j(o). Calculate h(-2).
-15
Let v(q) = q**2 + 105*q - 1802. Let s be v(15). Let c(p) be the first derivative of p**4/2 + p**3 - p**2 - 6*p - 1. What is c(s)?
-6
Let l(d) = -13*d. Let h(p) = -2*p - 9. Suppose -10*m = m + 66. Let t be h(m). Suppose -t*j = j - 4. Determine l(j).
-13
Let t be ((-429)/(-13))/(6/44). Let k = t - 236. Let s(x) = x**2 - 5*x - 5. Determine s(k).
1
Let k(b) = -6. Let h(m) = 1 + m + 2 - 3 - 1. Let s(i) = 5*h(i) - k(i). Suppose 10*c = -28 + 18. Give s(c).
-4
Let p(s) = 4*s**2 + 15*s - 15. Let j(t) = t**2. Let a(g) = -5*j(g) + p(g). Let m be a(14). Let v(k) be the third derivative of k**4/24 + 96*k**2. Give v(m).
-1
Suppose -120 = 4*h - 90*w + 88*w, -4*w = -5*h - 147. Let u(y) = -y**3 - 32*y**2 - 30*y + 47. What is u(h)?
16
Let h(i) = 2*i + 6. Let s(o) = -4*o + 2*o - 4*o + 16 + 3*o. Let b be s(8). Determine h(b).
-10
Let l(y) = 68*y**2 + 20*y - 4. Let m(h) = 47*h**2 + 15*h - 2. Let v(j) = -5*l(j) + 7*m(j). Determine v(-1).
-10
Let j(c) = -3 - 3*c**2 - 10*c**2 + 18*c**2 - 4*c**2. Let m(n) = n. Let r be m(6). Let t = -6 + r. What is j(t)?
-3
Let t(b) = -2199*b**2 - 4 - b**3 - 4*b + 2194*b**2 + 5*b - 4*b. Let n = -18 - -14. What is t(n)?
-8
Suppose -5*s = -42 - 23. Suppose s*r + 84 = 17*r. Let b(t) = 7*t**2 + 12*t**2 + t - r*t**2. What is b(1)?
-1
Let p be ((-40)/24)/(2/(-6)). Let x(a) = p - 18 - 7 + 6 - a. Calculate x(-10).
-4
Let f(u) = -2*u + 6. Suppose -4*i + 4 = -0. Suppose 64*m - 3*q = 54*m + 25, -5*m + 25 = q. Suppose -27 = -m*t + i. What is f(t)?
-8
Let q(c) = c**2 - 5*c + 2. Suppose -5*z + 103 = 2*a, -3*a + 161 = -5*z - 56. Suppose 5*m = m - a. Let h = m - -23. Give q(h).
16
Let n(z) = -1746 - 2*z + 846 + 878. Calculate n(15).
-52
Suppose 3*t - 60*k + 57*k = 12, -5*t + 4 = 3*k. Let q(v) be the first derivative of 17 + 2*v**t + v - 1/3*v**3. Determine q(6).
-11
Let x = 2435 - 2426. Let u(o) = -2*o**3 + 19*o**2 - 10*o - 9. Determine u(x).
-18
Suppose -3*v - 6 - 6 = 6. Let b(p) = p**2 - 3*p - 40. Give b(v).
14
Let n(r) = -2*r + 8. Let k be n(4). Suppose -2*j + 3 - 5 = k. Let b = j + 3. Let v(d) = -3*d**2 + 4*d - 3. Determine v(b).
-7
Suppose -3*g = 5*w + 36, 3*g - 54 = -0*w + 5*w. Let d be ((-3)/w - 0)/((-1)/(-48)). Suppose -11*r = -13*r + d. Let a(k) = k - 7. What is a(r)?
1
Let q = -286 + 288. Let z(x) = -3*x - 9*x**2 + 13*x**2 - x**q + x**3 + 2. Calculate z(-4).
-2
Let m(u) = 9*u**2 - 2*u + 274 - u**3 - 119 - 182. Calculate m(8).
21
Let g(i) = 3*i + 862. Let x(q) = 2*q + 388. Let a(f) = -4*g(f) + 9*x(f). Determine a(-8).
-4
Let u(t) = 4*t + 258. Let c(l) = -13*l**2 - 145*l + 277. Let v be c(2). Determine u(v).
-2
Let z(x) be the first derivative of x**3/3 - x**2/2 - 4*x - 82. Let y be z(3). Let l(u) = u**2 + u - 1. Give l(y).
5
Let d(z) = -z - 4. Let y be ((-6)/(-4))/(6/56). Let c = -4683 + 4685. Suppose -v + y = v + 4*f, -c*v = -4*f - 6. Determine d(v).
-9
Let l(z) = 2*z - 13 + 7 + 33 - 14 - 5. Let o(k) = k**3 + 5*k**2 - 6*k - 6. Let w be o(-6). Calculate l(w).
-4
Let g(q) = 19*q**2 - q. Let c be (28/8 - 3)*9/(63/(-28)). What is g(c)?
78
Suppose -6900 + 6990 = 15*h. Let m(a) = -a**3 + 11*a**2 - 12*a - 15. Calculate m(h).
93
Let x(p) = -p**2 - 10*p - 1. Let g(s) = 5*s + 40. Let c(y) = -2*y - 2. Let i(q) = -21*c(q) + 3*g(q). Let r be i(-3). Give x(r).
8
Let t(m) = 2*m**3 + 3*m**2 - m - 11. Let z(y) = 2 + 2*y - 4*y**2 + 14 + 0*y - 3*y**3. Suppose -5*n - 151 + 4 = 16*n. Let f(o) = n*t(o) - 5*z(o). Determine f(3).
6
Let q(y) = -y**2 - 7*y - 14. Let u(t) = t**3 - 7*t**2 - 143*t + 7. Let z be u(-9). What is q(z)?
-4
Let x = -10049 - -10049. Let m(q) = -q**2 - 2*q + 61. Calculate m(x).
61
Let f(p) = -10 - 2 - 6 - p. Suppose 10 = 6*r - 9*r + 2*u, -3*r = u + 22. Let l be (22/r)/(22/(-6) - -4). Give f(l).
-7
Let d(i) = 2*i + 0*i + 3*i. Let n(k) = 9*k - 63. Let v(t) = -t + 8. Let j(y) = -n(y) - 8*v(y). Let b(u) = d(u) + 2*j(u). What is b(3)?
7
Let o be (-2)/(-2) + (-9 - -10). Let i(w) be the first derivative of 578 + 2*w + o*w**2 - 541 - 3*w. Determine i(-1).
-5
Suppose 54*o = 51 + 57. Let z(x) = 43*x - 3. Let u(v) = -20*v + 1. Let m(s) = 5*u(s) + 2*z(s). What is m(o)?
-29
Let r(u) be the third derivative of -19*u**4/3 - 53*u**3/2 + 18*u**2 + 117*u. What is r(-1)?
-7
Let n = -32058 - -32053. Let y(c) = -4*c**2 + 21*c + 3. Let q(m) = m**2 - 7*m - 1. Let i(v) = 7*q(v) + 2*y(v). Determine i(n).
9
Let i(l) = -l**3 - l - 2. Suppose 6*b + 270 = b. Let a = -47 - b. Suppose -4*g + a = -3*r - 3, 5*g = -3*r + 26. What is i(r)?
-12
Let j = 156 - 154. Let r(v) = -4*v + j*v - 2*v + 5*v + 7. Determine r(-10).
-3
Let g = 14237 - 14207. Let u(n) be the first derivative of -2/3*n**3 - g + 7/2*n**2 + 0*n. Determine u(5).
-15
Let z(o) = 170 + 0*o - 169 + 2*o. Let s(f) = f**3 + 12*f + 7. Let c(b) = -s(b) + 5*z(b). Calculate c(-2).
10
Let q = -19 + 25. Suppose -60 = -q*i + 9*i. Let p(o) = -o**2 - 19*o + 15. Let v be p(i). Let d(r) = -r**2 - 4*r. What is d(v)?
-5
Let t(c) = 4 - 2554*c - 25 + 2545*c + 2*c**2. Calculate t(6).
-3
Let s(d) be the first derivative of -d**3/3 + 2*d**2 + 15*d - 1138. Calculate s(-3).
-6
Let p(o) = 2*o - 1 + 11 - 2 + 3*o + 2. Suppose -2*i - 154 + 190 = -4*z, 4 = 2*i. What is p(z)?
-30
Let i be (-4)/4*2/(-2). Let m(p) = p**3 - p - 29. Let o(t) = -11*t**3 - t**2 + 2*t + 58. Let z(r) = 2*m(r) + o(r). What is z(i)?
-10
Suppose -150*p + 147*p = -3*o + 6, -4*p + 3*o = 4. Let c(v) = 6*v**2 - 19*v + 7. Determine c(p).
-7
Let h(u) = -132*u + 15. Let k(j) = 21*j. Let f(i) = -h(i) - 6*k(i). Give f(12).
57
Let f = 4318 - 4348. Let u(m) = -2*m**2 - 59*m + 32. Calculate u(f).
2
Let r(h) = 6*h**2 - 3*h + 2. Suppose -4*q = 4*a + 16, -22 = -2*a + 6*a + 5*q. Calculate r(a).
20
Suppose -t + 30 = 6. Suppose 4*h = -r + t, r + 2 = 2*h - r. Let y(x) = 5*x. Let s(u) = 13*u + 1. Let j(m) = 2*s(m) - 5*y(m). What is j(h)?
7
Let i(m) be the first derivative of -2*m**3/3 + 10*m**2 - 26*m - 3162. Give i(11).
-48
Let c = -844 - -1222. Let a(m) = -749 - 4*m + c + 387. Calculate a(8).
-16
Let j(q) = -q**3 + 15*q**2 - 31*q - 53. Let r(i) = 3*i**2 - 153*i + 936. Let k be r(44). Give j(k).
7
Let p(j) be the third derivative of -j**6/45 + 7*j**3/3 - 55*j**2. Let s(r) be the first derivative of p(r). What is s(1)?
-8
Let x be (-8 - 4)*((-5)/(-3) - 1). Let g be 11/2 - -3*x/(-48). Let w(c) = -c**2 + 4*c + 2. Give w(g).
-10
Suppose -84*q - 4*d = -79*q - 14, q - 3 = -d. Let y(l) = -11*l. What is y(q)?
-22
Let q(j) be the third derivative of -j**5/60 + j**4/2 - 17*j**3/6 - 13*j**2 - 27. Give q(7).
18
Let n(o) = -13*o**2 - 6*o - 20. Let r be n(0). Let f(a) = -a**3 - 21*a**2 - 18*a + 47. Determine f(r).
7
Let n(d) = 68*d + 1. Let w(y) = 9*y. Let l(o) = 2*n(o) - 15*w(o). Give l(3).
5
Suppose j + 9 = 2*t + 3*t, -3*j - 1 = -2*t. Suppose 11 = 4*l - 5*s, -3*l + 4*l - 6 = -t*s. Let w(v) = v - 1. Let y be w(l). Let n(b) = -b + 1. Determine n(y).
-2
Let w = -26 - -78. Suppose -17*j = -w + 1. Suppose 0*o = j*o - 3. Let t(m) = -5*m + 1. What is t(o)?
-4
Let s(y) be the third derivative of 11*y**4/24 + y**3/6 + y**2. Let b(v) = -v**2 + 19*v - 70. Let q be b(13). Let w = q + -7. What is s(w)?
12
Let m(s) = -10*s - 39. Let t be (8/3)/(116/(-87)). Determine m(t).
-19
Let q(f) = -2*f**2 + 6*f + 7. Let k be (-1 - (-28)/(-21))/(21/(-54)). What is q(k)?
-29
Let n(w) = 12*w**2 + 31*w - 6. Let r(k) = -19*k**2 - 46*k + 10. Let o(z) = 14*n(z) + 9*r(z). Calculate o(7).
-1
Suppose -680 = -9*z - 11*z. Suppose 0 = -41*h + z + 89. Let r(k) = k**2 - 6*k - 2. What is r(h)?
-11
Let h(o) = 18*o + 192. Let y(m) = -11*m - 98. Let v(a) = -3*h(a) - 5*y(a). What is v(0)?
-86
Let v = 14 - 10. Let s(p) be the second derivative of 2*p**3/3 + p**2 - 602*p + 2. Determine s(v).
18
Let j(l) = -3*l - 14. Suppose -58*b = -5*m - 61*b + 55, 0 = 4*b + 20. Calculate j(m).
-56
Let t(f) = 16*f**3 + f + 2. Suppose -9*p = -3*g - 12*p - 9, 2 = -4*g - 2*p. Suppose -32 = 34*m + g. What is t(m)?
-15
Let r(t) = 2*t + 40. Let g be r(-20). Suppose 0*i - i = g. Suppose i = -2*x + 2 + 2. Let a(p) = -p**3 + 2*p**2 - 2*p. What is a(x)?
-4
Let f = 11 - 7. Suppose 0 = -f*k - k + 25, 3*v + 23 = 4*k. Let z(q) = -49*q**2 + 89*q**2 - 49*q**2. Give z(v).
-9
Let q(o) = 29 + 0*o - 24 - 3*o**2 - 3*o**2 - o. Determine q(-